mber?
True
Is 2813 prime?
False
Is 6563 a prime number?
True
Is 149 a composite number?
False
Is 40862 composite?
True
Is 23081 composite?
False
Is 670601 prime?
False
Is 143941 a composite number?
True
Is 92551 a prime number?
True
Is 22241 a composite number?
True
Is 63033 composite?
True
Is 78035 composite?
True
Is 60101 a prime number?
True
Is 3587 a prime number?
False
Is 836894 a prime number?
False
Is 1175709 prime?
False
Is 173617 composite?
False
Is 105091 a prime number?
False
Is 321007 composite?
False
Is 122195 a prime number?
False
Is 1361 composite?
False
Is 68027 prime?
False
Is 1039283 prime?
False
Is 106147 composite?
True
Is 68395 a composite number?
True
Is 24151 a prime number?
True
Is 1270949 composite?
True
Is 49099 a composite number?
True
Is 518579 prime?
True
Is 293479 a prime number?
False
Is 4829 prime?
False
Is 55579 a composite number?
False
Is 2761 a composite number?
True
Is 16007 a composite number?
False
Is 18113 composite?
True
Is 569369 composite?
False
Is 37781 a prime number?
True
Is 47249 composite?
True
Is 6173 composite?
False
Is 10033 prime?
False
Is 14437 a composite number?
False
Is 3473 a composite number?
True
Is 3593 prime?
True
Is 493109 a composite number?
False
Is 52363 a composite number?
False
Is 30293 prime?
True
Is 1044019 a prime number?
True
Is 191969 a composite number?
False
Is 1590203 composite?
False
Is 1259 a composite number?
False
Is 70051 a prime number?
True
Is 1096763 a prime number?
True
Is 14486 composite?
True
Is 4022 a prime number?
False
Is 90357 a prime number?
False
Is 7283 a composite number?
False
Is 1545169 a composite number?
False
Is 17401 a prime number?
True
Is 35023 prime?
True
Is 466153 composite?
False
Is 53659 a composite number?
True
Is 13577 a prime number?
True
Is 144817 a prime number?
True
Is 5683 prime?
True
Is 2647 a prime number?
True
Is 18897 a composite number?
True
Is 9791 a composite number?
False
Is 23857 a composite number?
False
Is 6881 prime?
False
Is 5747 a composite number?
True
Is 20203 a prime number?
False
Is 21541 a prime number?
False
Is 336283 composite?
True
Is 758929 a composite number?
False
Is 748607 a composite number?
True
Is 469 composite?
True
Is 97919 a composite number?
False
Is 509819 a prime number?
False
Is 740423 a prime number?
True
Is 46798 a composite number?
True
Is 7054 a prime number?
False
Is 96601 a composite number?
False
Is 6773 a composite number?
True
Is 20191 a composite number?
True
Is 429053 composite?
True
Is 69359 a prime number?
False
Is 9527 composite?
True
Is 12394 a prime number?
False
Is 273503 composite?
False
Is 10007 a prime number?
True
Is 22931 prime?
False
Is 322501 a composite number?
False
Is 80893 a prime number?
False
Is 16409 a prime number?
False
Is 4101 composite?
True
Is 11311 composite?
False
Is 155729 prime?
False
Is 15539 a prime number?
False
Is 299053 composite?
False
Is 202613 a composite number?
False
Is 505783 a prime number?
False
Is 101267 prime?
True
Is 10313 composite?
False
Is 206623 a composite number?
False
Is 13841 prime?
True
Is 5791 prime?
True
Is 2183 a composite number?
True
Is 40063 composite?
False
Is 937 a composite number?
False
Is 10405 a composite number?
True
Is 179 composite?
False
Is 110426 a prime number?
False
Is 130281 a prime number?
False
Is 352777 a composite number?
True
Is 652189 a prime number?
True
Is 13649 prime?
True
Is 64007 prime?
True
Is 150959 a prime number?
True
Is 1927187 a composite number?
False
Is 147767 composite?
True
Is 5833 a composite number?
True
Is 15203 a composite number?
True
Is 18071 a composite number?
True
Is 8501 composite?
False
Is 19441 a prime number?
True
Is 2939 composite?
False
Is 879967 prime?
False
Is 3151117 prime?
True
Is 206447 prime?
True
Is 720773 a composite number?
False
Is 637913 a composite number?
True
Is 29261 a composite number?
True
Is 1564489 a composite number?
True
Is 914289 a composite number?
True
Is 12011 a prime number?
True
Is 17463 a prime number?
False
Is 10841 a composite number?
True
Is 4647 prime?
False
Is 250361 prime?
True
Is 3779 composite?
False
Is 411157 a prime number?
True
Is 19361 prime?
False
Is 39251 a prime number?
True
Is 24611 a prime number?
True
Is 143 prime?
False
Is 219119 prime?
True
Is 25427 composite?
True
Is 1329397 a composite number?
False
Is 92203 prime?
True
Is 501839 a composite number?
True
Is 106531 a composite number?
False
Is 33379 a prime number?
False
Is 717 a composite number?
True
Is 10771 a composite number?
False
Is 23962 composite?
True
Is 133691 prime?
True
Is 1029459 a prime number?
False
Is 624999 prime?
False
Is 135799 a prime number?
True
Is 1139539 a prime number?
True
Is 764381 a prime number?
True
Is 9101 composite?
True
Is 18283 a composite number?
True
Is 186187 prime?
True
Is 15763 a prime number?
False
Is 31777 composite?
True
Is 620159 a prime number?
True
Is 60559 composite?
True
Is 140717 prime?
True
Is 56807 a prime number?
True
Is 32251 a prime number?
True
Is 4999 a prime number?
True
Is 13397 composite?
False
Is 5749 a prime number?
True
Is 8914 a prime number?
False
Is 194329 composite?
True
Is 2333 a prime number?
True
Is 41807 a composite number?
True
Is 5323031 a prime number?
False
Is 68703 a composite number?
True
Is 357883 a composite number?
False
Is 3256501 prime?
False
Is 49807 a prime number?
True
Is 520679 prime?
True
Is 4931 a composite number?
False
Is 21341 a prime number?
True
Is 2783371 a prime number?
True
Is 1283 a prime number?
True
Is 11197 composite?
False
Is 15177 composite?
True
Is 45361 composite?
False
Is 631 a composite number?
False
Is 641 composite?
False
Is 40561 prime?
False
Is 1058321 a prime number?
False
Is 334931 a composite number?
False
Is 103271 a composite number?
True
Is 7891 composite?
True
Is 3921 composite?
True
Is 6249 a composite number?
True
Is 319 prime?
False
Is 2309099 a prime number?
False
Is 1123 composite?
False
Is 71933 composite?
False
Is 875261 a prime number?
True
Is 7499 prime?
True
Is 549481 a composite number?
False
Is 1417969 prime?
False
Is 25931 prime?
True
Is 3250189 composite?
False
Is 2371 a prime number?
True
Is 5314529 a prime number?
False
Is 22343 prime?
True
Is 81281 a composite number?
False
Is 929941 composite?
False
Is 154571 a prime number?
True
Is 1087 prime?
True
Is 7799 prime?
False
Is 91363 a composite number?
True
Is 69313 a composite number?
False
Is 613 a composite number?
False
Is 98507 prime?
True
Is 556079 a prime number?
False
Is 63193 a prime number?
False
Is 55859 prime?
False
Is 451 a composite number?
True
Is 11239 prime?
True
Is 120851 prime?
True
Is 10903 composite?
False
Is 27043 a composite number?
False
Is 5513 composite?
True
Is 7795 a prime number?
False
Is 311711 a composite number?
False
Is 20707 a composite number?
False
Is 609073 a composite number?
True
Is 2173 a prime number?
False
Is 3040217 a prime number?
True
Is 53549 a prime number?
True
Is 3037862 prime?
False
Is 2206021 prime?
True
Is 9031 prime?
False
Is 7159 a composite number?
False
Is 26687 prime?
True
Is 413521 prime?
True
Is 8689 a prime number?
True
Is 42422 a prime number?
False
Is 611207 prime?
True
Is 412223 composite?
True
Is 78203 prime?
True
Is 16571 composite?
True
Is 46471 a prime number?
True
Is 1465889 a composite number?
False
Is 553411 composite?
False
Is 766279 prime?
False
Is 351763 composite?
False
Is 10561 a prime number?
False
Is 12991 a composite number?
True
Is 1025347 prime?
True
Is 229681 prime?
True
Is 20417 prime?
False
Is 77537 a prime number?
False
Is 53 composite?
False
Is 246955 prime?
False
Is 17623 prime?
True
Is 27299 prime?
True
Is 31166 prime?
False
Is 177041 a composite number?
True
Is 4534 a composite number?
True
Is 18713 a composite number?
False
Is 150649 a prime number?
True
Is 16163 prime?
False
Is 180461 prime?
False
Is 243461 composite?
False
Is 3791 prime?
False
Is 363313 composite?
False
Is 179853 a composite number?
True
Is 1117 a composite number?
False
Is 528607 a composite number?
True
Is 9053 composite?
True
Is 3197101 a composite number?
False
Is 4391 a prime number?
True
Is 39469 a prime number?
False
Is 6761 a composite number?
False
Is 61909 a prime number?
True
Is 9601 prime?
True
Is 102547 a prime number?
True
Is 22